15))*-5. Let h(l) = -c - 11*l**2 - 3*l + l + 0*l - 6*l - l**3. Is h(-11) prime?
True
Suppose 3*p - 34 = 362. Suppose 9*y - p = 5*y. Is y prime?
False
Let m(v) be the second derivative of -v**8/6720 - v**7/360 - v**6/90 + v**5/60 + v**4/6 - v. Let x(g) be the third derivative of m(g). Is x(-6) a prime number?
False
Suppose -18999 = c - 10*c. Is c a composite number?
False
Suppose 0 = 4*y - 3*y. Suppose 5*c + y*c - 665 = 0. Is c prime?
False
Suppose -s + 22 = -0*s. Suppose -3*w + w = -s. Is w composite?
False
Suppose -5*d + 42 = 2*i - 208, d - 5*i - 50 = 0. Suppose 3*n - 4*n + d = q, -4*q - 5*n + 195 = 0. Is q prime?
False
Is ((-1)/1)/(5/(-335)) composite?
False
Let n be (-1 - -2)*(4 - 3). Is (-3)/((-84)/(-93) - n) composite?
False
Is (-4)/(-6)*(-29910)/(-20) prime?
True
Let j = -7 + -6. Suppose t - 3*s = 89 + 52, 2*s = 2. Let x = t - j. Is x a composite number?
False
Suppose g - 28 = 59. Suppose -z + g = 2*r, 4*z - 3*r = 2*r + 283. Is z a prime number?
False
Is ((-2)/4)/(-4 - 14030/(-3508)) a prime number?
True
Suppose 2*u = -3*u + 35. Let c(t) = -t**2 + 6*t - 4. Let l be c(u). Is (l/2)/(4/(-56)) prime?
False
Suppose -13*k - 22396 = -17*k. Is k prime?
False
Let g be ((-5)/15)/(2/(-18)). Suppose 12 = g*d - 0*d. Suppose -4*s - 5*k = -91, 0 = -2*k + d + 2. Is s a prime number?
True
Suppose -1400 - 319 = -9*d. Is d composite?
False
Let b(v) = -v + 1. Let x be b(0). Let m(p) = 3*p**3 - p**2 + p - 1. Let l be m(x). Suppose c = l*c - 95. Is c a prime number?
False
Is (-1 - 2)*-12 - (-6)/(-2) a prime number?
False
Is ((-15)/(-20))/(3/12) composite?
False
Let c = 22 - 55. Let f be 1 + 120 + -1 + 2. Let p = c + f. Is p composite?
False
Suppose -k + 4*j - 23 = -0, -5*k + j = 115. Let m = -10 - -3. Is k*(m + (-4)/(-2)) a prime number?
False
Suppose 4*s + 2*p - 10 = 0, -p - 4*p + 5 = 5*s. Let i be 2/8 + s/(-16). Suppose a - u = -2*a + 157, i = 4*a + 3*u - 218. Is a composite?
False
Suppose 0 = 3*j - 2*l - 7854 + 2153, 5708 = 3*j + 5*l. Is j a composite number?
False
Suppose l = -0*l + 5. Suppose -l*v + 50 = 495. Let f = 158 + v. Is f a prime number?
False
Is -4 + 3 + (-450)/(-5) composite?
False
Let b = -3 + 0. Let a be 2 + b + (-6)/(-2). Suppose -a*h + 54 = -16. Is h a prime number?
False
Suppose -8 = -3*p - q, -2*p - 2*q = p - 7. Suppose 5*h + 38 = n, -2*h - p + 11 = 0. Is n prime?
False
Suppose 4*m - 5747 = -3*m. Is m a composite number?
False
Let w(s) = 477*s + 1. Is w(4) prime?
False
Suppose f - 4*f = -3*u + 732, -8 = 4*u. Suppose -75 = 2*g + 151. Let z = g - f. Is z a composite number?
True
Let i(x) = 135*x + 4. Is i(3) a prime number?
True
Let y be (-1)/1*1*-1. Let v(j) = -72*j**2 - 4*j. Let b(n) = 18*n**2 + n. Let u(f) = 9*b(f) + 2*v(f). Is u(y) a prime number?
True
Suppose -o = -3*t + 116, -3*t - o = -103 - 15. Let s be 6/((-111)/t + 3). Suppose 5*w - s = -c + 149, -5*c - 170 = -5*w. Is w prime?
True
Let t(r) = -2*r**3 - 7*r**2. Let a be t(-5). Suppose -40 - a = -5*v. Is v prime?
True
Let l be (-6)/8 - 177/(-12). Suppose 5 = -w + l. Is w prime?
False
Suppose 32 = 5*r + 4*i, 0 = 4*r + 6*i - 2*i - 28. Suppose r*h = 378 + 170. Suppose 2*s = -s - 3*u + 66, 5*s - 4*u - h = 0. Is s a prime number?
False
Let c be ((-404)/(-20))/(3/15). Let a = c + 56. Is a a composite number?
False
Suppose q + 2*g = 6*q - 61, g + 37 = 3*q. Is q - (6/3 + -2) prime?
True
Let u = -201 - -538. Is u prime?
True
Suppose -5*m - 3*s - 168 = 0, 156 = 2*m - 6*m + 3*s. Let f be (5/2)/((-3)/m). Suppose 0 = -2*c + 5*c - f. Is c composite?
True
Suppose -1 = -2*m - i, -4*m - 13 = 7*i - 2*i. Suppose s = m*s + 16. Is s/12*(-267)/2 prime?
True
Suppose 5*g - 4 = 3*v, -3*v - 11 = 3*g - g. Let w = 11 - 17. Is w/g*10/4 a composite number?
True
Suppose -3*s + 3*v + 2053 = -1031, -4*v - 2056 = -2*s. Suppose 5*i - 2*t = 1285, 4*i - 4*t + 7*t - s = 0. Is i composite?
False
Let z = -4771 - -10015. Suppose s - 1048 = q, -2*s + q + z = 3*s. Is s a composite number?
False
Let l = -46 + 663. Suppose 3*z + 4*n = 351, -5*z + 6*n + l = 2*n. Is z composite?
True
Let x(k) = k**3 - k**2 - 3*k + 3. Let d be x(-2). Let w(l) be the first derivative of 11*l**3 - 3*l**2/2 + l + 1. Is w(d) composite?
False
Suppose -3*r = 3*z - r - 257, -4*r = 3*z - 259. Is z a prime number?
False
Is (5 - 5245/(-20))*4 composite?
False
Suppose 0*b - b - 5*o = -264, 0 = -4*b + 3*o + 941. Let a = b + -160. Is a a composite number?
False
Let m(c) = -10*c**3 + 6*c**2 + 10*c + 5. Is m(-4) a prime number?
True
Let m = 0 - -5. Suppose 5*c = -0*d - d + 21, m*c = 3*d + 17. Let w(y) = y**2 - 2*y - 4. Is w(c) prime?
False
Suppose -2*t - 3*d - 34 = 0, 2*t + 2*t - 2*d = -84. Let z be (-2196)/(-10) - 8/t. Suppose 0 = -5*w + w + z. Is w a prime number?
False
Suppose 4 = -4*d + 20. Suppose d*l - 5*o = 39, -o - 2*o = -4*l + 41. Is l a prime number?
True
Let a(m) = 22*m - 10. Let y(p) = 1. Let n(x) = a(x) + 12*y(x). Let o be n(-3). Let u = 141 + o. Is u composite?
True
Suppose -3*o - 7136 = -7*o. Suppose -5*w = -w - o. Is w prime?
False
Let m be (-4 + 1)/(6/(-4)). Suppose -5*i - 4 = -3*z - 17, z = -m*i + 3. Is -2 + (i - 0) - -55 prime?
False
Let g(w) = 7*w**2 + 50*w + 13. Is g(-18) a prime number?
True
Let d(u) = 4*u**3 - 5*u**2 - 12*u + 7. Is d(8) prime?
False
Let m be 42/(-9)*6/(-4). Suppose -7*g + y + 16 = -2*g, -2*g + y + m = 0. Is g composite?
False
Let y be 1588/(-6)*(-30)/4. Is (-1*2)/((-10)/y) prime?
True
Suppose s = 5*r - 24, 2*s + 4 = 2*r - 3*r. Suppose 128 = 4*p - 2*x, 0 = -r*p - x + 106 + 34. Is p a composite number?
True
Suppose -h + 5*h = 9028. Suppose h = 5*z + 602. Is z a prime number?
True
Let g(c) = 12*c + 10. Is g(9) a composite number?
True
Let l(i) = i**3 + 6*i**2 - i - 5. Let t be l(-6). Let y be -1 + 1 + (-6)/(-2). Is 0 + t - (-66)/y a composite number?
False
Let x(g) = -g**3 - 12*g**2 - 7*g - 5. Is x(-12) a prime number?
True
Let l be -2 + 69/3*-1. Let k be (-1)/2 - l/10. Suppose 0 = -k*f - f + 573. Is f a prime number?
True
Suppose -5*x + 3*r + 2275 = 0, 2*r = 2*x + 3*x - 2280. Is x composite?
True
Let f = -1 - -5. Suppose -2*h + h - 263 = -3*y, -y + f*h = -73. Is y a prime number?
True
Suppose -3*x + 737 = q - 170, 4*x - 1202 = -5*q. Is x composite?
True
Let f(s) = 5*s**3 + s**2 + 2*s + 1. Is f(2) a composite number?
True
Let p = -16 + 0. Let r = 3 - p. Is r composite?
False
Suppose 3*y + 226 = k, 0 = 2*k + y + 4*y - 397. Is k composite?
False
Let z(k) = -1 - k + 4 - 8*k + k. Is z(-10) composite?
False
Suppose -w - 30 = -5*w + 2*o, 25 = w - 4*o. Is (-111)/(-15)*(w - 0) prime?
True
Suppose -2*h = -7*h. Let o(d) = d**2 + d + 37. Is o(h) a prime number?
True
Let z(l) = 582*l**2 + 6*l + 7. Is z(-3) a composite number?
False
Let l be (0/(6/2))/(-2). Suppose l*p + 644 = 4*p. Is p composite?
True
Let h(j) = -j**2 - j. Let b(z) be the third derivative of 5*z**5/12 - z**4/8 + z**3/6 - 2*z**2. Let k(n) = b(n) - 4*h(n). Is k(-2) composite?
True
Suppose -3*n - 40 = -5*o + o, 2*o = 8. Let j = -10 + n. Is (-12)/j*207/2 prime?
False
Let f(g) = -g**3 - 6*g**2 - 2*g + 7. Let c be f(-6). Let v = 30 - c. Is v prime?
True
Suppose 1759 = 3*q - 5*l, q - 173 = -5*l + 400. Is q composite?
True
Let k = -3 - -3. Suppose j - 3*q = -k*q + 88, -2*j = -5*q - 175. Is j composite?
True
Let p = -113 - -207. Is p a prime number?
False
Suppose 3*b = 1674 - 339. Is b a composite number?
True
Suppose 0 = -6*c - 18 - 30. Is (1/1)/(c/(-632)) composite?
False
Suppose 3*j = -4*i - 97, -4*i - 5*j + 17 - 120 = 0. Let p be (-5)/(5/i) + -2. Suppose 96 = 2*u - p. Is u a composite number?
True
Let q be 987/(-9) - (-2)/3. Let s = -60 - q. Let h = 70 + s. Is h a composite number?
True
Suppose 3857 = x + 582. Suppose -5*z + x = -0*z. Is z a prime number?
False
Let u be 0 - (-3 - (-6 - -3)). Is 4 + -3 + u + 236 a composite number?
True
Let g be (10/(-4))/((-9)/54). Is (-1 - 520/(-6))*g a prime number?
False
Let b(f) = -2*f**3 - 6*f**2 - 2*f - 3. Let i be b(-6). Suppose -2*o = -4*a + 864, i = a + 4*o - 0*o. Is a composite?
True
Let k be 3 + (-2)/(-2) + 1. Suppose k*w + 2*v - 525 = -3*v, -2*w - v = -212. Is (0 - (0 + -2)) + w a prime number?
True
Let t(a) = -6*a - 20. Let d be t(14). Let s(q) = -q**3 + q - 33. Let h be s(0). Let c = h - d. Is c a composite number?
False
Suppose 0 = -3*d - 12. Let m(r) = r**2 + 4*r + 3. Let n be m(d). Suppose n = -2*f + 17. Is f a prime n